{"id":637,"date":"2018-05-31T10:00:21","date_gmt":"2018-05-31T10:00:21","guid":{"rendered":"https:\/\/asaplap.org\/agricultural-secondary-school\/"},"modified":"2024-10-07T09:39:24","modified_gmt":"2024-10-07T09:39:24","slug":"agricultural-secondary-school","status":"publish","type":"page","link":"https:\/\/asaplap.org\/fr\/","title":{"rendered":"Agricultural Secondary School"},"content":{"rendered":"<p>[et_pb_section fb_built=\u00a0\u00bb1&Prime; fullwidth=\u00a0\u00bbon\u00a0\u00bb _builder_version=\u00a0\u00bb4.16&Prime; background_image=\u00a0\u00bbhttps:\/\/asaplap.org\/wp-content\/uploads\/2019\/07\/students-group-2018-2019.jpg\u00a0\u00bb background_position=\u00a0\u00bbtop_left\u00a0\u00bb global_colors_info=\u00a0\u00bb{}\u00a0\u00bb][et_pb_fullwidth_slider _builder_version=\u00a0\u00bb4.16&Prime; header_font=\u00a0\u00bb||||||||\u00a0\u00bb header_font_size=\u00a0\u00bb56px\u00a0\u00bb body_font=\u00a0\u00bb||||||||\u00a0\u00bb body_font_size=\u00a0\u00bb1px\u00a0\u00bb body_line_height=\u00a0\u00bb1.2em\u00a0\u00bb background_image=\u00a0\u00bbhttps:\/\/asaplap.org\/wp-content\/uploads\/2019\/07\/students-group-2018-2019.jpg\u00a0\u00bb custom_padding=\u00a0\u00bb50px||30px||false\u00a0\u00bb global_colors_info=\u00a0\u00bb{}\u00a0\u00bb button_text_size__hover_enabled=\u00a0\u00bboff\u00a0\u00bb button_one_text_size__hover_enabled=\u00a0\u00bboff\u00a0\u00bb button_two_text_size__hover_enabled=\u00a0\u00bboff\u00a0\u00bb button_text_color__hover_enabled=\u00a0\u00bboff\u00a0\u00bb button_one_text_color__hover_enabled=\u00a0\u00bboff\u00a0\u00bb button_two_text_color__hover_enabled=\u00a0\u00bboff\u00a0\u00bb button_border_width__hover_enabled=\u00a0\u00bboff\u00a0\u00bb button_one_border_width__hover_enabled=\u00a0\u00bboff\u00a0\u00bb button_two_border_width__hover_enabled=\u00a0\u00bboff\u00a0\u00bb button_border_color__hover_enabled=\u00a0\u00bboff\u00a0\u00bb button_one_border_color__hover_enabled=\u00a0\u00bboff\u00a0\u00bb button_two_border_color__hover_enabled=\u00a0\u00bboff\u00a0\u00bb button_border_radius__hover_enabled=\u00a0\u00bboff\u00a0\u00bb button_one_border_radius__hover_enabled=\u00a0\u00bboff\u00a0\u00bb button_two_border_radius__hover_enabled=\u00a0\u00bboff\u00a0\u00bb button_letter_spacing__hover_enabled=\u00a0\u00bboff\u00a0\u00bb button_one_letter_spacing__hover_enabled=\u00a0\u00bboff\u00a0\u00bb button_two_letter_spacing__hover_enabled=\u00a0\u00bboff\u00a0\u00bb button_bg_color__hover_enabled=\u00a0\u00bboff\u00a0\u00bb button_one_bg_color__hover_enabled=\u00a0\u00bboff\u00a0\u00bb button_two_bg_color__hover_enabled=\u00a0\u00bboff\u00a0\u00bb][et_pb_slide heading=\u00a0\u00bbLYCEE AGRICOLE PRIVE (LAP)\u00a0\u00bb use_bg_overlay=\u00a0\u00bboff\u00a0\u00bb use_text_overlay=\u00a0\u00bboff\u00a0\u00bb _builder_version=\u00a0\u00bb4.16&Prime; header_font=\u00a0\u00bb||||||||\u00a0\u00bb header_font_size=\u00a0\u00bb60&Prime; body_font=\u00a0\u00bb|||on|||||\u00a0\u00bb body_font_size=\u00a0\u00bb22px\u00a0\u00bb button_on_hover=\u00a0\u00bbon\u00a0\u00bb header_font_size_tablet=\u00a0\u00bb50&Prime; header_font_size_phone=\u00a0\u00bb50&Prime; global_colors_info=\u00a0\u00bb{}\u00a0\u00bb button_text_size__hover_enabled=\u00a0\u00bboff\u00a0\u00bb button_one_text_size__hover_enabled=\u00a0\u00bboff\u00a0\u00bb button_two_text_size__hover_enabled=\u00a0\u00bboff\u00a0\u00bb button_text_color__hover_enabled=\u00a0\u00bboff\u00a0\u00bb button_one_text_color__hover_enabled=\u00a0\u00bboff\u00a0\u00bb button_two_text_color__hover_enabled=\u00a0\u00bboff\u00a0\u00bb button_border_width__hover_enabled=\u00a0\u00bboff\u00a0\u00bb button_one_border_width__hover_enabled=\u00a0\u00bboff\u00a0\u00bb button_two_border_width__hover_enabled=\u00a0\u00bboff\u00a0\u00bb button_border_color__hover_enabled=\u00a0\u00bboff\u00a0\u00bb button_one_border_color__hover_enabled=\u00a0\u00bboff\u00a0\u00bb button_two_border_color__hover_enabled=\u00a0\u00bboff\u00a0\u00bb button_border_radius__hover_enabled=\u00a0\u00bboff\u00a0\u00bb button_one_border_radius__hover_enabled=\u00a0\u00bboff\u00a0\u00bb button_two_border_radius__hover_enabled=\u00a0\u00bboff\u00a0\u00bb button_letter_spacing__hover_enabled=\u00a0\u00bboff\u00a0\u00bb button_one_letter_spacing__hover_enabled=\u00a0\u00bboff\u00a0\u00bb button_two_letter_spacing__hover_enabled=\u00a0\u00bboff\u00a0\u00bb button_bg_color__hover_enabled=\u00a0\u00bboff\u00a0\u00bb button_one_bg_color__hover_enabled=\u00a0\u00bboff\u00a0\u00bb button_two_bg_color__hover_enabled=\u00a0\u00bboff\u00a0\u00bb sticky_transition=\u00a0\u00bbon\u00a0\u00bb]<\/p>\n<p style=\"text-align: center;\">Un projet sp\u00e9cial de la fondation ASAP<\/p>\n<p>[\/et_pb_slide][\/et_pb_fullwidth_slider][\/et_pb_section][et_pb_section fb_built=\u00a0\u00bb1&Prime; _builder_version=\u00a0\u00bb4.16&Prime; global_colors_info=\u00a0\u00bb{}\u00a0\u00bb][et_pb_row column_structure=\u00a0\u00bb2_3,1_3&Prime; _builder_version=\u00a0\u00bb4.16&Prime; global_colors_info=\u00a0\u00bb{}\u00a0\u00bb][et_pb_column type=\u00a0\u00bb2_3&Prime; _builder_version=\u00a0\u00bb4.16&Prime; custom_padding=\u00a0\u00bb|||\u00a0\u00bb global_colors_info=\u00a0\u00bb{}\u00a0\u00bb custom_padding__hover=\u00a0\u00bb|||\u00a0\u00bb][et_pb_text _builder_version=\u00a0\u00bb4.16&Prime; global_colors_info=\u00a0\u00bb{}\u00a0\u00bb]<\/p>\n<h2>Pourquoi le LAP?<\/h2>\n<p>Dans les zones rurales, les \u00e9coles secondaires n\u2019offrent que des \u00e9tudes g\u00e9n\u00e9rales, alors que 99% des parents sont des agriculteurs. Ces \u00e9coles secondaires rurales ont \u00e9galement de tr\u00e8s mauvais r\u00e9sultats, ce qui n\u2019 encourage pas les parents \u00e0 envoyer leurs enfants \u00e0 l\u2019\u00e9cole. Le LAP est un lyc\u00e9e agricole ouvert aux enfants issus de familles rurales pauvres et de familles r\u00e9fugi\u00e9es.<\/p>\n<p>&nbsp;<\/p>\n<p>[\/et_pb_text][\/et_pb_column][et_pb_column type=\u00a0\u00bb1_3&Prime; _builder_version=\u00a0\u00bb4.16&Prime; custom_padding=\u00a0\u00bb|||\u00a0\u00bb global_colors_info=\u00a0\u00bb{}\u00a0\u00bb custom_padding__hover=\u00a0\u00bb|||\u00a0\u00bb][et_pb_image src=\u00a0\u00bbhttps:\/\/asaplap.org\/wp-content\/uploads\/2019\/04\/LAP-report-end-of-second-quarter-school-year-2017-2018-Students-2017-2018-1.jpg\u00a0\u00bb _builder_version=\u00a0\u00bb4.16&Prime; global_colors_info=\u00a0\u00bb{}\u00a0\u00bb][\/et_pb_image][\/et_pb_column][\/et_pb_row][\/et_pb_section][et_pb_section fb_built=\u00a0\u00bb1&Prime; _builder_version=\u00a0\u00bb4.16&Prime; background_color=\u00a0\u00bb#f5f5f5&Prime; global_colors_info=\u00a0\u00bb{}\u00a0\u00bb][et_pb_row column_structure=\u00a0\u00bb1_3,2_3&Prime; _builder_version=\u00a0\u00bb4.16&Prime; global_colors_info=\u00a0\u00bb{}\u00a0\u00bb][et_pb_column type=\u00a0\u00bb1_3&Prime; _builder_version=\u00a0\u00bb4.16&Prime; custom_padding=\u00a0\u00bb|||\u00a0\u00bb global_colors_info=\u00a0\u00bb{}\u00a0\u00bb custom_padding__hover=\u00a0\u00bb|||\u00a0\u00bb][et_pb_image src=\u00a0\u00bbhttps:\/\/asaplap.org\/wp-content\/uploads\/2019\/07\/tableau-foyer.jpg\u00a0\u00bb _builder_version=\u00a0\u00bb4.16&Prime; global_colors_info=\u00a0\u00bb{}\u00a0\u00bb][\/et_pb_image][\/et_pb_column][et_pb_column type=\u00a0\u00bb2_3&Prime; _builder_version=\u00a0\u00bb4.16&Prime; custom_padding=\u00a0\u00bb|||\u00a0\u00bb global_colors_info=\u00a0\u00bb{}\u00a0\u00bb custom_padding__hover=\u00a0\u00bb|||\u00a0\u00bb][et_pb_text _builder_version=\u00a0\u00bb4.16&Prime; global_colors_info=\u00a0\u00bb{}\u00a0\u00bb]<\/p>\n<h2>Objectifs du LAP<\/h2>\n<ul>\n<li>Offrir une \u00e9ducation de qualit\u00e9 aux enfants issus de familles pauvres<\/li>\n<li>Offrir une \u00e9ducation adapt\u00e9e aux besoins<\/li>\n<li>Offrir une \u00e9ducation qui aide \u00e0 identifier et \u00e0 d\u00e9velopper la force des \u00e9tudiants<\/li>\n<li>\u00catre durable avec les dons des sponsors, les frais pay\u00e9s par les parents et les activit\u00e9s du LAP<\/li>\n<\/ul>\n<p>[\/et_pb_text][\/et_pb_column][\/et_pb_row][\/et_pb_section][et_pb_section fb_built=\u00a0\u00bb1&Prime; _builder_version=\u00a0\u00bb4.16&Prime; global_colors_info=\u00a0\u00bb{}\u00a0\u00bb][et_pb_row column_structure=\u00a0\u00bb2_3,1_3&Prime; _builder_version=\u00a0\u00bb4.16&Prime; global_colors_info=\u00a0\u00bb{}\u00a0\u00bb][et_pb_column type=\u00a0\u00bb2_3&Prime; _builder_version=\u00a0\u00bb4.16&Prime; custom_padding=\u00a0\u00bb|||\u00a0\u00bb global_colors_info=\u00a0\u00bb{}\u00a0\u00bb custom_padding__hover=\u00a0\u00bb|||\u00a0\u00bb][et_pb_text _builder_version=\u00a0\u00bb4.16&Prime; custom_padding=\u00a0\u00bb1px|||||\u00a0\u00bb global_colors_info=\u00a0\u00bb{}\u00a0\u00bb]<\/p>\n<h2>Internat<\/h2>\n<p>Le LAP est un internat. Cela est n\u00e9cessaire en raison de la distance qui s\u00e9pare les villages de l&rsquo;\u00e9cole (plus de 100 km pour certains \u00e9tudiants).<\/p>\n<p>Les enfants sont log\u00e9s dans des dortoirs de filles et de gar\u00e7ons. Les enseignants et le reste du personnel ont leurs propres maisons.<\/p>\n<p>[\/et_pb_text][\/et_pb_column][et_pb_column type=\u00a0\u00bb1_3&Prime; _builder_version=\u00a0\u00bb4.16&Prime; custom_padding=\u00a0\u00bb|||\u00a0\u00bb global_colors_info=\u00a0\u00bb{}\u00a0\u00bb custom_padding__hover=\u00a0\u00bb|||\u00a0\u00bb][et_pb_image src=\u00a0\u00bbhttps:\/\/asaplap.org\/wp-content\/uploads\/2019\/07\/dortoir-garcon.jpg\u00a0\u00bb _builder_version=\u00a0\u00bb4.16&Prime; global_colors_info=\u00a0\u00bb{}\u00a0\u00bb][\/et_pb_image][\/et_pb_column][\/et_pb_row][\/et_pb_section][et_pb_section fb_built=\u00a0\u00bb1&Prime; _builder_version=\u00a0\u00bb4.16&Prime; background_color=\u00a0\u00bb#f5f5f5&Prime; global_colors_info=\u00a0\u00bb{}\u00a0\u00bb][et_pb_row column_structure=\u00a0\u00bb1_3,2_3&Prime; _builder_version=\u00a0\u00bb4.16&Prime; global_colors_info=\u00a0\u00bb{}\u00a0\u00bb][et_pb_column type=\u00a0\u00bb1_3&Prime; _builder_version=\u00a0\u00bb4.16&Prime; custom_padding=\u00a0\u00bb|||\u00a0\u00bb global_colors_info=\u00a0\u00bb{}\u00a0\u00bb custom_padding__hover=\u00a0\u00bb|||\u00a0\u00bb][et_pb_image src=\u00a0\u00bbhttps:\/\/asaplap.org\/wp-content\/uploads\/2019\/07\/map-lap-google-earth.png\u00a0\u00bb _builder_version=\u00a0\u00bb4.16&Prime; global_colors_info=\u00a0\u00bb{}\u00a0\u00bb][\/et_pb_image][et_pb_image src=\u00a0\u00bbhttps:\/\/asaplap.org\/wp-content\/uploads\/2024\/10\/lap-google-earth.webp\u00a0\u00bb _builder_version=\u00a0\u00bb4.27.2&Prime; hover_enabled=\u00a0\u00bb0&Prime; global_colors_info=\u00a0\u00bb{}\u00a0\u00bb title_text=\u00a0\u00bblap-google-earth\u00a0\u00bb sticky_enabled=\u00a0\u00bb0&Prime;][\/et_pb_image][\/et_pb_column][et_pb_column type=\u00a0\u00bb2_3&Prime; _builder_version=\u00a0\u00bb4.16&Prime; custom_padding=\u00a0\u00bb|||\u00a0\u00bb global_colors_info=\u00a0\u00bb{}\u00a0\u00bb custom_padding__hover=\u00a0\u00bb|||\u00a0\u00bb][et_pb_text _builder_version=\u00a0\u00bb4.16&Prime; global_colors_info=\u00a0\u00bb{}\u00a0\u00bb]<\/p>\n<h2>Localisation du LAP<\/h2>\n<p>Le LAP est situ\u00e9 \u00e0 52 km de Bobo Dioulasso, dans la r\u00e9gion des Hauts Bassins, dans la province du Houet, dans la commune rurale de L\u00e9na, dans le village d&rsquo;Oualana.<\/p>\n<p>Les 42 hectares de terres ont \u00e9t\u00e9 donn\u00e9s \u00e0 la fondation ASAP par les villageois d\u2019Oualana.<\/p>\n<p>[\/et_pb_text][\/et_pb_column][\/et_pb_row][\/et_pb_section]<\/p>\n","protected":false},"excerpt":{"rendered":"<p>Un projet sp\u00e9cial de la fondation ASAPPourquoi le LAP? Dans les zones rurales, les \u00e9coles secondaires n\u2019offrent que des \u00e9tudes g\u00e9n\u00e9rales, alors que 99% des parents sont des agriculteurs. Ces \u00e9coles secondaires rurales ont \u00e9galement de tr\u00e8s mauvais r\u00e9sultats, ce qui n\u2019 encourage pas les parents \u00e0 envoyer leurs enfants \u00e0 l\u2019\u00e9cole. Le LAP est [&hellip;]<\/p>\n","protected":false},"author":4,"featured_media":0,"parent":0,"menu_order":0,"comment_status":"closed","ping_status":"closed","template":"","meta":{"_et_pb_use_builder":"on","_et_pb_old_content":"","_et_gb_content_width":"","footnotes":"","_links_to":"","_links_to_target":""},"class_list":["post-637","page","type-page","status-publish","hentry"],"_links":{"self":[{"href":"https:\/\/asaplap.org\/fr\/wp-json\/wp\/v2\/pages\/637","targetHints":{"allow":["GET"]}}],"collection":[{"href":"https:\/\/asaplap.org\/fr\/wp-json\/wp\/v2\/pages"}],"about":[{"href":"https:\/\/asaplap.org\/fr\/wp-json\/wp\/v2\/types\/page"}],"author":[{"embeddable":true,"href":"https:\/\/asaplap.org\/fr\/wp-json\/wp\/v2\/users\/4"}],"replies":[{"embeddable":true,"href":"https:\/\/asaplap.org\/fr\/wp-json\/wp\/v2\/comments?post=637"}],"version-history":[{"count":4,"href":"https:\/\/asaplap.org\/fr\/wp-json\/wp\/v2\/pages\/637\/revisions"}],"predecessor-version":[{"id":882,"href":"https:\/\/asaplap.org\/fr\/wp-json\/wp\/v2\/pages\/637\/revisions\/882"}],"wp:attachment":[{"href":"https:\/\/asaplap.org\/fr\/wp-json\/wp\/v2\/media?parent=637"}],"curies":[{"name":"wp","href":"https:\/\/api.w.org\/{rel}","templated":true}]}}

<p>[et_pb_section fb_built= »1&Prime; fullwidth= »on » _builder_version= »4.16&Prime; background_image= »https://asaplap.org/wp-content/uploads/2019/07/students-group-2018-2019.jpg » background_position= »top_left » global_colors_info= »{} »][et_pb_fullwidth_slider _builder_version= »4.16&Prime; header_font= »|||||||| » header_font_size= »56px » body_font= »|||||||| » body_font_size= »1px » body_line_height= »1.2em » background_image= »https://asaplap.org/wp-content/uploads/2019/07/students-group-2018-2019.jpg » custom_padding= »50px||30px||false » global_colors_info= »{} » button_text_size__hover_enabled= »off » button_one_text_size__hover_enabled= »off » button_two_text_size__hover_enabled= »off » button_text_color__hover_enabled= »off » button_one_text_color__hover_enabled= »off » button_two_text_color__hover_enabled= »off » button_border_width__hover_enabled= »off » button_one_border_width__hover_enabled= »off » button_two_border_width__hover_enabled= »off » button_border_color__hover_enabled= »off » button_one_border_color__hover_enabled= »off » button_two_border_color__hover_enabled= »off » button_border_radius__hover_enabled= »off » button_one_border_radius__hover_enabled= »off » button_two_border_radius__hover_enabled= »off » button_letter_spacing__hover_enabled= »off » button_one_letter_spacing__hover_enabled= »off » button_two_letter_spacing__hover_enabled= »off » button_bg_color__hover_enabled= »off » button_one_bg_color__hover_enabled= »off » button_two_bg_color__hover_enabled= »off »][et_pb_slide heading= »LYCEE AGRICOLE PRIVE (LAP) » use_bg_overlay= »off » use_text_overlay= »off » _builder_version= »4.16&Prime; header_font= »|||||||| » header_font_size= »60&Prime; body_font= »|||on||||| » body_font_size= »22px » button_on_hover= »on » header_font_size_tablet= »50&Prime; header_font_size_phone= »50&Prime; global_colors_info= »{} » button_text_size__hover_enabled= »off » button_one_text_size__hover_enabled= »off » button_two_text_size__hover_enabled= »off » button_text_color__hover_enabled= »off » button_one_text_color__hover_enabled= »off » button_two_text_color__hover_enabled= »off » button_border_width__hover_enabled= »off » button_one_border_width__hover_enabled= »off » button_two_border_width__hover_enabled= »off » button_border_color__hover_enabled= »off » button_one_border_color__hover_enabled= »off » button_two_border_color__hover_enabled= »off » button_border_radius__hover_enabled= »off » button_one_border_radius__hover_enabled= »off » button_two_border_radius__hover_enabled= »off » button_letter_spacing__hover_enabled= »off » button_one_letter_spacing__hover_enabled= »off » button_two_letter_spacing__hover_enabled= »off » button_bg_color__hover_enabled= »off » button_one_bg_color__hover_enabled= »off » button_two_bg_color__hover_enabled= »off » sticky_transition= »on »]</p>
<p style="text-align: center;">Un projet spécial de la fondation ASAP</p>
<p>[/et_pb_slide][/et_pb_fullwidth_slider][/et_pb_section][et_pb_section fb_built= »1&Prime; _builder_version= »4.16&Prime; global_colors_info= »{} »][et_pb_row column_structure= »2_3,1_3&Prime; _builder_version= »4.16&Prime; global_colors_info= »{} »][et_pb_column type= »2_3&Prime; _builder_version= »4.16&Prime; custom_padding= »||| » global_colors_info= »{} » custom_padding__hover= »||| »][et_pb_text _builder_version= »4.16&Prime; global_colors_info= »{} »]</p>
<h2>Pourquoi le LAP?</h2>
<p>Dans les zones rurales, les écoles secondaires n’offrent que des études générales, alors que 99% des parents sont des agriculteurs. Ces écoles secondaires rurales ont également de très mauvais résultats, ce qui n’ encourage pas les parents à envoyer leurs enfants à l’école. Le LAP est un lycée agricole ouvert aux enfants issus de familles rurales pauvres et de familles réfugiées.</p>
<p>&nbsp;</p>
<p>[/et_pb_text][/et_pb_column][et_pb_column type= »1_3&Prime; _builder_version= »4.16&Prime; custom_padding= »||| » global_colors_info= »{} » custom_padding__hover= »||| »][et_pb_image src= »https://asaplap.org/wp-content/uploads/2019/04/LAP-report-end-of-second-quarter-school-year-2017-2018-Students-2017-2018-1.jpg » _builder_version= »4.16&Prime; global_colors_info= »{} »][/et_pb_image][/et_pb_column][/et_pb_row][/et_pb_section][et_pb_section fb_built= »1&Prime; _builder_version= »4.16&Prime; background_color= »#f5f5f5&Prime; global_colors_info= »{} »][et_pb_row column_structure= »1_3,2_3&Prime; _builder_version= »4.16&Prime; global_colors_info= »{} »][et_pb_column type= »1_3&Prime; _builder_version= »4.16&Prime; custom_padding= »||| » global_colors_info= »{} » custom_padding__hover= »||| »][et_pb_image src= »https://asaplap.org/wp-content/uploads/2019/07/tableau-foyer.jpg » _builder_version= »4.16&Prime; global_colors_info= »{} »][/et_pb_image][/et_pb_column][et_pb_column type= »2_3&Prime; _builder_version= »4.16&Prime; custom_padding= »||| » global_colors_info= »{} » custom_padding__hover= »||| »][et_pb_text _builder_version= »4.16&Prime; global_colors_info= »{} »]</p>
<h2>Objectifs du LAP</h2>
<ul>
<li>Offrir une éducation de qualité aux enfants issus de familles pauvres</li>
<li>Offrir une éducation adaptée aux besoins</li>
<li>Offrir une éducation qui aide à identifier et à développer la force des étudiants</li>
<li>Être durable avec les dons des sponsors, les frais payés par les parents et les activités du LAP</li>
</ul>
<p>[/et_pb_text][/et_pb_column][/et_pb_row][/et_pb_section][et_pb_section fb_built= »1&Prime; _builder_version= »4.16&Prime; global_colors_info= »{} »][et_pb_row column_structure= »2_3,1_3&Prime; _builder_version= »4.16&Prime; global_colors_info= »{} »][et_pb_column type= »2_3&Prime; _builder_version= »4.16&Prime; custom_padding= »||| » global_colors_info= »{} » custom_padding__hover= »||| »][et_pb_text _builder_version= »4.16&Prime; custom_padding= »1px||||| » global_colors_info= »{} »]</p>
<h2>Internat</h2>
<p>Le LAP est un internat. Cela est nécessaire en raison de la distance qui sépare les villages de l&rsquo;école (plus de 100 km pour certains étudiants).</p>
<p>Les enfants sont logés dans des dortoirs de filles et de garçons. Les enseignants et le reste du personnel ont leurs propres maisons.</p>
<p>[/et_pb_text][/et_pb_column][et_pb_column type= »1_3&Prime; _builder_version= »4.16&Prime; custom_padding= »||| » global_colors_info= »{} » custom_padding__hover= »||| »][et_pb_image src= »https://asaplap.org/wp-content/uploads/2019/07/dortoir-garcon.jpg » _builder_version= »4.16&Prime; global_colors_info= »{} »][/et_pb_image][/et_pb_column][/et_pb_row][/et_pb_section][et_pb_section fb_built= »1&Prime; _builder_version= »4.16&Prime; background_color= »#f5f5f5&Prime; global_colors_info= »{} »][et_pb_row column_structure= »1_3,2_3&Prime; _builder_version= »4.16&Prime; global_colors_info= »{} »][et_pb_column type= »1_3&Prime; _builder_version= »4.16&Prime; custom_padding= »||| » global_colors_info= »{} » custom_padding__hover= »||| »][et_pb_image src= »https://asaplap.org/wp-content/uploads/2019/07/map-lap-google-earth.png » _builder_version= »4.16&Prime; global_colors_info= »{} »][/et_pb_image][et_pb_image src= »https://asaplap.org/wp-content/uploads/2024/10/lap-google-earth.webp » _builder_version= »4.27.2&Prime; hover_enabled= »0&Prime; global_colors_info= »{} » title_text= »lap-google-earth » sticky_enabled= »0&Prime;][/et_pb_image][/et_pb_column][et_pb_column type= »2_3&Prime; _builder_version= »4.16&Prime; custom_padding= »||| » global_colors_info= »{} » custom_padding__hover= »||| »][et_pb_text _builder_version= »4.16&Prime; global_colors_info= »{} »]</p>
<h2>Localisation du LAP</h2>
<p>Le LAP est situé à 52 km de Bobo Dioulasso, dans la région des Hauts Bassins, dans la province du Houet, dans la commune rurale de Léna, dans le village d&rsquo;Oualana.</p>
<p>Les 42 hectares de terres ont été donnés à la fondation ASAP par les villageois d’Oualana.</p>
<p>[/et_pb_text][/et_pb_column][/et_pb_row][/et_pb_section]</p>

<p>Un projet spécial de la fondation ASAPPourquoi le LAP? Dans les zones rurales, les écoles secondaires n’offrent que des études générales, alors que 99% des parents sont des agriculteurs. Ces écoles secondaires rurales ont également de très mauvais résultats, ce qui n’ encourage pas les parents à envoyer leurs enfants à l’école. Le LAP est [&hellip;]</p>
